9419 = -2*o - 5*n. What is the hundreds digit of o?
7
Let d be 219/(-9 + 6) - 0. What is the tens digit of 18/12 - d/2?
3
Suppose 173*u - 153*u - 66780 = 0. What is the tens digit of u?
3
Suppose -24189 = -5*z - 3*z + 32075. What is the units digit of z?
3
Suppose -23*p + 2*s = -27*p + 646, 0 = 3*s + 15. Suppose -p*v + 167*v - 3402 = 0. What is the hundreds digit of v?
1
Suppose p - 52 = 5*p. Let z(s) be the third derivative of -s**4/3 + s**3/3 + 804*s**2. What is the units digit of z(p)?
6
Let k be 181500/1080 + 2/(-36). Suppose 4*b + 3*x = -x + 332, 0 = -5*b - x + 419. Suppose b*s - k = 82*s. What is the tens digit of s?
8
Let f(x) = x + 7. Suppose -13 = 5*c - 8. Let o be f(c). Suppose 8*h - 198 = o*h. What is the tens digit of h?
9
Suppose -9*h + 174 - 21 = 0. Suppose -h*p - 432 = -25*p. Suppose 0 = -l + 5*y + p, l - 3*y - 182 = -4*l. What is the tens digit of l?
3
Let y(v) = v**2 - 8*v - 15. Let n be y(-3). Let w be n*((-32)/(-6) + 5). Suppose -13*h + 459 = w. What is the units digit of h?
1
Let q = 63 + -39. Suppose 0 = -q*o + 19*o + 1765. What is the tens digit of o?
5
Suppose 0 = 5*c - 2*k - 372 - 2850, -2*c + 1283 = 5*k. Suppose 0 = -4*f + 2*b + c, -322 = -2*f - 3*b + 2*b. What is the tens digit of f?
6
Let t(b) = -b**3 + 39*b**2 + 94*b + 18. What is the tens digit of t(39)?
8
Let t(w) = 15*w**2 + 11*w + 57. What is the thousands digit of t(-11)?
1
What is the thousands digit of 14334*-1*(1/5)/((-20)/150)?
1
Let t = -322 - -476. Suppose 2*z + 40 = -t. Let c = z - -259. What is the units digit of c?
2
Suppose 4*t + w = 14084, -4*t - 2*w = w - 14092. What is the tens digit of t?
2
Suppose a - 4*x = 6*a + 2566, 0 = 5*a - 3*x + 2538. Let j = 49 + a. Let v = -212 - j. What is the tens digit of v?
4
Let q(z) = -258*z + 46. What is the units digit of q(-15)?
6
Let r(a) = a**2 + 16*a + 33. Let s be r(-14). Suppose -28 = 6*i - 40. Suppose i*h = -4*w + 346, s*w - 347 = h - 3*h. What is the units digit of h?
1
Suppose 2*l - 25 + 3 = 4*n, -2*n = l + 1. Suppose -l*f + 5565 = -m, f = -3*m + 366 + 747. What is the thousands digit of f?
1
Let n(l) = l**3 + 11*l**2 + 5*l + 1. Let o(g) = g**3 + 2*g**2 - 1. Let z be o(1). Let i be ((-180)/8)/5 + z/4. What is the tens digit of n(i)?
9
Suppose 22*w - 24*w - 76634 = -4*o, -76627 = -4*o - 5*w. What is the thousands digit of o?
9
Suppose 2*m - 51 + 1 = 0. Suppose 6*z + m*z = 25482. What is the units digit of z?
2
What is the units digit of (-8)/(-52) + 3 + 230580/91?
7
Let q(f) = -f**3 - f**2 - f + 851. Let n = -474 - -474. What is the hundreds digit of q(n)?
8
Let f = 2172 - -22504. What is the units digit of f?
6
Let t = -12 + 15. Suppose t*u = -7*u - 30. What is the units digit of (-33)/(-18)*(u - (4 - 13))?
1
Let s = -13304 + 21388. What is the tens digit of s?
8
Suppose -85*t + 86*t - 4*o = -272, 0 = -5*t - 2*o - 1404. Let c = 71 + -202. Let h = c - t. What is the tens digit of h?
4
Let d = -1166 - -4415. Suppose d = 5*p - 11. What is the tens digit of p?
5
Let s(v) = -v**3 - 7*v**2 - 12*v + 2. Let p be s(-3). Suppose p*o - 8*c + 3*c - 892 = 0, -5*c = -o + 451. What is the units digit of o?
1
Suppose 0 = q, -5*v - 1 + 16 = 5*q. Suppose -v*d - 1074 = -6*d. What is the tens digit of d?
5
Let v = 13190 - 5897. What is the tens digit of v?
9
Let o be (-7 + 8)*4*106/4. Suppose -o*g + 232 = -105*g. What is the units digit of g?
2
What is the thousands digit of (-9 - -14) + -5 - (-37756 + 1)?
7
Suppose 5*n + 10151 = 2*o, 279*n - 5082 = -o + 275*n. What is the tens digit of o?
7
What is the tens digit of (1/(-2))/(10/(-57700))?
8
Let u(x) = x**3 + x**2 - 57*x - 6. Let q be u(-8). What is the thousands digit of (q + 3 + -7)/((-4)/4042)?
2
Let d be 0/(-2) - (-55 - -55). Suppose d*x = -22*x + 9020. What is the hundreds digit of x?
4
Let j be (-2)/(-3 + 1 + 0). Suppose 2*x - j = -9. What is the tens digit of (x/(-6))/((-14)/(-903))?
4
Let s be -1*(-40)/(-5)*1. Let h(y) = -y**3 - 7*y**2 - 12*y - 12. Let n be h(s). Suppose 5*l + 230 = 3*v - 0*v, -2*l - n = -2*v. What is the units digit of v?
0
Let z(l) = -110*l**3 - l**2 + l - 21. What is the tens digit of z(-4)?
9
Suppose 439*t = 449*t + 10. Let i = -11 + 33. Let x = i + t. What is the tens digit of x?
2
Let u(i) = -3*i**3 - 24*i**2 + 9*i + 7. Let c be u(-8). Let t = 78 - c. What is the hundreds digit of t?
1
Let m(s) = -s**2 + 3*s + 6. Let k be m(0). Let b be k/39 - (-80)/(-13). What is the tens digit of b/(-4)*(-4806)/(-81)?
8
Suppose 6*b - 2*a = 8*b - 420, -3*b = 2*a - 629. Suppose -2089 = -6*d + b. What is the tens digit of d?
8
What is the units digit of ((-129823)/591)/(1/(-18))?
4
Let s be ((-15)/2)/(6 + 87/(-14)). Suppose 2*l + 5*d = s + 789, 1226 = 3*l + 5*d. What is the tens digit of l?
0
Suppose -2*v + 31 = 3*v - 2*x, -v - 2*x = 1. Let j(d) = -14*d + 33. Let w be j(v). Let s = 31 - w. What is the tens digit of s?
6
Suppose -4*q = -6*q + 4. Suppose -1136 = -3*w - a, -2*w - 3*a = -q*a - 757. What is the hundreds digit of w?
3
What is the tens digit of (-10*(-171)/95 - 24)/(1/(-2606))?
3
Suppose -39*q = -34*q - 165. Suppose 3*a + 0 - 24 = -2*g, -3*g = 4*a - q. What is the tens digit of (-71)/(-3) - (-2)/a?
2
Suppose 6*v - 186 = -25*v. Suppose v*y = 3*x + 11*y - 2818, 4*x + y = 3780. What is the tens digit of x?
4
Suppose 0 = -15*a + 17*a - 24. Let x(f) = f**2 - 12*f + 6. Let p be x(a). Let d(s) = 4*s**2 - 4*s + 12. What is the tens digit of d(p)?
3
Suppose 4*t - 5 = 3. Suppose -t*r = -r + 6. Let n = r + 37. What is the units digit of n?
1
Suppose -254584 = -29*v + 32342. What is the thousands digit of v?
9
Let r = -128 + 194. Let g = r + -53. Suppose 248 = g*o - 9*o. What is the tens digit of o?
6
Let p(y) = -3*y + 42. Let x be p(10). What is the hundreds digit of 1196/3*18/x?
5
Let h = 216 - 222. What is the hundreds digit of ((-1)/(h/122))/((-3)/(-108))?
7
Suppose 111*g + 20*g - 1653613 = 0. What is the thousands digit of g?
2
Suppose 1843108 = 184*o + 235500. What is the hundreds digit of o?
7
Suppose 10541 - 81066 = -25*d. What is the hundreds digit of d?
8
Let y be (334464/65)/16 - (-3)/(-5). Suppose 53*l - 2*b + 1524 = 58*l, -l = -5*b - y. What is the tens digit of l?
0
Let w = 33 - 23. Suppose r + 18 = 5*t, -5*r + 8*r + t = w. Suppose 8*g + 3*l = 4*g + 392, -r*g + 196 = -4*l. What is the units digit of g?
8
Suppose -5*b + 65 = 20. Let w be (4 - 3) + 2*1*514. Suppose b*o = w - 210. What is the units digit of o?
1
Suppose -7*o + 90 = 2*o. Let f be 4 - (5 + o/(-2)). What is the tens digit of 2/f - (-3247)/34?
9
Let w(l) = 7*l**2 + 2*l - 29. Let m be w(-6). Suppose 5*k + 0*z = -2*z + 251, -4*k - 5*z + m = 0. Suppose g - k = 2. What is the units digit of g?
1
Suppose -3*g - 1767 = -4*w, -5*w = -3*g + g - 2207. Suppose -5*p - 20 = 0, 0 = 6*z - z - 4*p - w. Let l = z - -14. What is the tens digit of l?
9
Let k(o) be the second derivative of 17*o**5/10 - 5*o**4/6 + o**3/6 + 5*o**2/2 - 85*o. What is the units digit of k(3)?
6
Let b(j) = 3*j**2 - 39*j + 1. What is the hundreds digit of b(46)?
5
Let r = 51 - 49. Suppose 2*h = r*l + 16, 2*h = -6 + 2. What is the tens digit of 974/10 - ((-44)/l - 4)?
9
Suppose 3*l + 153 = 132. What is the units digit of 3/l - (-21)/((-1617)/(-123926))?
9
Suppose -2*d + 3*v = -23, d + 4*v = 6*d - 68. What is the tens digit of (1038/(-8))/((-6)/d)?
4
Let r(b) = 120*b**2 + 3*b - 9. Suppose 10*i = 18*i - 16. What is the units digit of r(i)?
7
Let l be (-30)/(-4)*(-2)/(-3). Suppose 2*n + l*u = 247, -4*n + 423 + 35 = -2*u. What is the hundreds digit of n?
1
Let t(b) = -b**3 + 13*b**2 + 3*b - 30. Let a be t(13). Suppose -a*j + 3*g + 53 = -8*j, 2*j - 92 = -g. What is the units digit of j?
7
Let l = -11085 - -22645. What is the hundreds digit of l?
5
Suppose -5*n - 2*c = -10876, 5*c = -9*n + 5*n + 8711. Let k = n - 1362. What is the hundreds digit of k?
8
Suppose -3*l = 5*c - 119824, -3*c - 119873 = -8*c + 4*l. What is the hundreds digit of c?
9
Let h be ((-51)/(-5))/((-3)/15). Let d = h - -51. Suppose 3*t = 4*p - d*t - 131, -4*t + 12 = 0. What is the units digit of p?
5
Let i = 18881 - 13069. What is the thousands digit of i?
5
Suppose 5*z - 7 = 8. Suppose -2*q + 3*t + 1998 = 0, -z*t = 4*q + 481 - 4477. Suppose -5*j = -46 - q. What is the units digit of j?
9
Suppose -23 = 5*c - r - 82, -r = -2*c + 23. Suppose c*w = 5*w + 1148. Suppose